{"id":247,"date":"2026-01-22T23:28:50","date_gmt":"2026-01-23T02:28:50","guid":{"rendered":"https:\/\/www.maiquinique.ba.gov.br\/site\/?page_id=247"},"modified":"2026-01-22T23:28:53","modified_gmt":"2026-01-23T02:28:53","slug":"secretarias","status":"publish","type":"page","link":"https:\/\/www.maiquinique.ba.gov.br\/site\/index.php\/secretarias\/","title":{"rendered":"Secretarias"},"content":{"rendered":"\n<pre class=\"wp-block-preformatted\"><strong>Secretaria Municipal de Obras e Servi\u00e7os P\u00fablicos<\/strong><br>Endere\u00e7o: Rua Sete de Abril, N\u00b0 05, Alto da Colina<br>Secret\u00e1rio: Davi Alves Guimar\u00e3es <br>(77) 99134-4871<br>Hor\u00e1rio de Trabalho m\u00e3o de obra 07:00 \u00e0s 11:00 - 13:00 as 16:00<br>Hor\u00e1rio de Atendimento ao P\u00fablico 08:00 \u00e0s 11:30 - 14:00 \u00e0s 17:00<br>E-mail: solutranmaiquinique@gmail.com<br><br><strong>Secretaria de Agricultura e Pecu\u00e1ria<\/strong><br>Endere\u00e7o: Rua Sete de Abril, N\u00b0 05, Alto da Colina<br>Secret\u00e1rio: Luciano Virgens Patez <br>(77) 99198-7335 <br>Hor\u00e1rio de Atendimento ao P\u00fablico 08:00 \u00e0s 11:30 - 14:00 \u00e0s 17:00<br>E-mail: Secam.2324@gmail.com <br><br><strong>Secretaria de Meio Ambiente - SEMA<\/strong><br>\u2060Endere\u00e7o: Rua Joaquim de Souza Pereira - Bairro Alto da Colina<br>Secret\u00e1rio: \u2060Samuel dos Santos Guimar\u00e3es<br>\u2060(77) 98841-0139<br>\u206008:00 \u00e0s 12:00 \/ 14:00 \u00e0s 17:00<br>E-mail: \u2060semamaiquinique@gmail.com<br><br><strong>Secretaria Municipal Trabalho, Emprego, Renda e Esporte<\/strong><br>Endere\u00e7o: Travessa Dom Climerio (Refer\u00eancia  Gin\u00e1sio de Esporte Heraldo Rocha)<br>Secret\u00e1rio: Manoel Cl\u00e1udio Viana Almeida <br>(77) 99148-6192<br>Hor\u00e1rio de funcionamento: Segunda a sexta 8h \u00e0s 12h \u2013 14h \u00e0s 18h<br>E Mail: vmanoelclaudio@gmail.com<br><br><strong>Secretaria Municipal de Assist\u00eancia Social<\/strong><br>Endere\u00e7o: Pra\u00e7a Lomanto Junior,124;<br>Secret\u00e1ria: Ademilza Barboza Reis Silva;<br>(77) 99207-3746;<br>Funcionamento das 7h30h \u00e0s 13h<br>E-mail: semasmaiquinique@gmail.com<br><br><strong>Secretaria Municipal de Cultura, Lazer e Turismo<\/strong><br>Endere\u00e7o: Pra\u00e7a Aleixo Pereira passos, centro, 290<br>Secret\u00e1rio:  Pierre Kalixto Farias Oliveira Costa <br>Telefone: (da secretaria ou do respons\u00e1vel)  (77) 98164-6441 <br>Hor\u00e1rio de funcionamento: <br>E-mail: sec.pierrekalixto@gmail.com<br><br><strong>Secretaria Municipal de Transporte<\/strong><br>Endere\u00e7o: Rua Sete de Abril, N\u0308 05,Alto da colina <br>Secret\u00e1rio: Thyago Silveira Santos Jardim <br>(77) 99112-5552 <br>Hor\u00e1rio de Trabalho  7:00 \u00e0s 11:00 - 13:00 \u00e0s 16:00<br>Secretaria. De Educa\u00e7\u00e3o <br>Endere\u00e7o: Rua Luiz Rodrigues Silva, 169, Centro.<br>Secret\u00e1rio: Wesley Bleza Cunha<br>(77) 99213-0718<br>Hor\u00e1rio de funcionamento: 7h \u00e0s 13h <br>E-mail: secretariaedumaiquinique@gmail.com<br><br><strong>Solutran<\/strong><br>Endere\u00e7o: Rua 7 de Abril, N\u00b0 05 - Bairro: Alto da Colina<br>Secret\u00e1rio: Gilson Almeida de Sousa <br>(77) 99101-1371<br>Hor\u00e1rio de trabalho das 07h \u00e0s 11h \u2013 13h \u00e0s 16h<br>Hor\u00e1rio de atendimento das ao p\u00fablico: 08h as 11:30h<br>Hor\u00e1rio da coleta de lixo das 16 horas at\u00e9 quando termina.<br><\/pre>\n","protected":false},"excerpt":{"rendered":"<p>Secretaria Municipal de Obras e Servi\u00e7os P\u00fablicosEndere\u00e7o: Rua Sete de Abril, N\u00b0 05, Alto da ColinaSecret\u00e1rio: Davi Alves Guimar\u00e3es (77) 99134-4871Hor\u00e1rio de Trabalho m\u00e3o de obra 07:00 \u00e0s 11:00 &#8211; 13:00 as 16:00Hor\u00e1rio de Atendimento ao P\u00fablico 08:00 \u00e0s 11:30 &#8211; 14:00 \u00e0s 17:00E-mail: solutranmaiquinique@gmail.comSecretaria de Agricultura e Pecu\u00e1riaEndere\u00e7o: Rua Sete de Abril, N\u00b0 05, &hellip;<\/p>\n<p class=\"read-more\"> <a class=\"\" href=\"https:\/\/www.maiquinique.ba.gov.br\/site\/index.php\/secretarias\/\"> <span class=\"screen-reader-text\">Secretarias<\/span> Leia mais \u00bb<\/a><\/p>\n","protected":false},"author":1,"featured_media":0,"parent":0,"menu_order":0,"comment_status":"closed","ping_status":"closed","template":"","meta":{"footnotes":""},"class_list":["post-247","page","type-page","status-publish","hentry"],"uagb_featured_image_src":{"full":false,"thumbnail":false,"medium":false,"medium_large":false,"large":false,"1536x1536":false,"2048x2048":false,"vcmegapack-masonry":false,"vcmegapack-grid":false,"vcmegapack-rectangle":false,"vcmegapack-fullscreen":false,"vcmegapack-parallax":false},"uagb_author_info":{"display_name":"maiquinique","author_link":"https:\/\/www.maiquinique.ba.gov.br\/site\/index.php\/author\/maiquinique\/"},"uagb_comment_info":0,"uagb_excerpt":"Secretaria Municipal de Obras e Servi\u00e7os P\u00fablicosEndere\u00e7o: Rua Sete de Abril, N\u00b0 05, Alto da ColinaSecret\u00e1rio: Davi Alves Guimar\u00e3es (77) 99134-4871Hor\u00e1rio de Trabalho m\u00e3o de obra 07:00 \u00e0s 11:00 - 13:00 as 16:00Hor\u00e1rio de Atendimento ao P\u00fablico 08:00 \u00e0s 11:30 - 14:00 \u00e0s 17:00E-mail: solutranmaiquinique@gmail.comSecretaria de Agricultura e Pecu\u00e1riaEndere\u00e7o: Rua Sete de Abril, N\u00b0 05,&hellip;","_links":{"self":[{"href":"https:\/\/www.maiquinique.ba.gov.br\/site\/index.php\/wp-json\/wp\/v2\/pages\/247","targetHints":{"allow":["GET"]}}],"collection":[{"href":"https:\/\/www.maiquinique.ba.gov.br\/site\/index.php\/wp-json\/wp\/v2\/pages"}],"about":[{"href":"https:\/\/www.maiquinique.ba.gov.br\/site\/index.php\/wp-json\/wp\/v2\/types\/page"}],"author":[{"embeddable":true,"href":"https:\/\/www.maiquinique.ba.gov.br\/site\/index.php\/wp-json\/wp\/v2\/users\/1"}],"replies":[{"embeddable":true,"href":"https:\/\/www.maiquinique.ba.gov.br\/site\/index.php\/wp-json\/wp\/v2\/comments?post=247"}],"version-history":[{"count":1,"href":"https:\/\/www.maiquinique.ba.gov.br\/site\/index.php\/wp-json\/wp\/v2\/pages\/247\/revisions"}],"predecessor-version":[{"id":248,"href":"https:\/\/www.maiquinique.ba.gov.br\/site\/index.php\/wp-json\/wp\/v2\/pages\/247\/revisions\/248"}],"wp:attachment":[{"href":"https:\/\/www.maiquinique.ba.gov.br\/site\/index.php\/wp-json\/wp\/v2\/media?parent=247"}],"curies":[{"name":"wp","href":"https:\/\/api.w.org\/{rel}","templated":true}]}}